 - 143. Let k be (-21*9)/(-3) - 1. What is the highest common divisor of j and k?
31
Suppose 24 = -5*k - 1. Let a = k + 10. Suppose 0 = -4*m + 25 - a. Calculate the highest common factor of m and 1.
1
Suppose 3*d - 288 = -d. Let u = 101 - d. Suppose -u*c = -34*c + 1080. Calculate the highest common factor of 24 and c.
24
Let a(o) = 5*o - 14. Let t be a(4). Suppose t*x - 507 = 405. What is the greatest common factor of x and 19?
19
Let l = -22 + 22. Suppose -4*k - 2*h + 224 = l, 3*h = -k + 2*k - 42. Calculate the greatest common factor of 9 and k.
9
Suppose 427*i = 417*i + 1250. Calculate the greatest common divisor of 50 and i.
25
Suppose 0 = -i + 183 + 45. Calculate the highest common factor of i and 1254.
114
Suppose 10*f = 26*f - 6768. Calculate the highest common divisor of f and 9.
9
Let z(c) = 8*c**2 - 18*c - 18. Let k be z(5). Calculate the greatest common factor of 621 and k.
23
Let h(y) = -4*y - 15. Let f be h(-4). Let v(x) = 23*x + 3. Let w be v(f). What is the greatest common divisor of w and 26?
26
Let r be 12/18 + 292/3. Suppose f + 0*h = 3*h + 20, 3*f - 46 = 2*h. Calculate the greatest common factor of r and f.
14
Suppose 3*w + 360 = -0*w. Let f be (w/(-72))/((-2)/(-6)). Calculate the greatest common factor of f and 15.
5
Let u(j) = -j + 1. Let w be u(-10). Let v(n) = n + 1. Let l be v(-3). Let x be (-1 + -6)/(l/22). Calculate the highest common divisor of w and x.
11
Suppose 668*m - 663*m = 25. What is the greatest common divisor of 10 and m?
5
Suppose 3*d + 65 = -b + 2*b, -2*d + 2*b - 38 = 0. Let r = 47 + d. Calculate the highest common factor of r and 36.
12
Let u = -4 + 6. Let o be -3 - (0 - u)/1. Let x be -10*12/(-4 - o). Calculate the greatest common divisor of x and 10.
10
Suppose 38 = 3*g - 16. Let b(y) = y**3 - 19*y**2 + 16*y + 37. Let s be b(g). What is the greatest common factor of s and 8?
1
Let i be 4/8 + (-2)/(-4). Suppose -i - 1 = -m, 200 = 4*q - 2*m. Suppose 562*y = 557*y + 170. Calculate the greatest common factor of q and y.
17
Let p = -5 - 0. Let d = p - -7. Suppose 3*a - 2*o = 102, o = d*a - 74 + 6. Calculate the greatest common factor of 17 and a.
17
Let j be (-20)/6*(-6)/1. Suppose -3*p + 42 = 3*d, 10*d + 2*p - 16 = 9*d. Suppose 0 = 3*t + d - 42. Calculate the greatest common divisor of j and t.
10
Let u be 834/14 + (-119)/(-49) + -2. What is the greatest common divisor of u and 390?
30
Let a(m) = m**2 - 12*m - 108. Let u be a(20). What is the greatest common divisor of u and 13?
13
Suppose -540 = -5*r - 5*t, 11*r - 7*r - 423 = -t. What is the greatest common factor of 35 and r?
35
Let b = -2 + 10. Suppose 4*g - 3*j = -51, -2*j = 4*g - 2*g + b. Let p(c) = 2*c**2 + 4*c. Let n be p(g). Calculate the highest common factor of 14 and n.
14
Let h(n) = -n**2 - 33*n + 191. Let y be h(-37). What is the greatest common divisor of 1591 and y?
43
Let t be (3/(-10)*-72)/((-4)/(-40)). Suppose 0 = 2*u + 2*u - j - 145, -4*u + 147 = -3*j. What is the highest common divisor of u and t?
36
Suppose -60 = -2*g - 16. Suppose 0 = -4*a + 12*a + 32. Let q = a + g. Calculate the greatest common factor of 36 and q.
18
Suppose -t + 156 = w - 60, 0 = -2*t - w + 437. Calculate the highest common factor of t and 26.
13
Let w = -670 + 674. Let g be (-4)/2 - 3/(-1). What is the highest common factor of w and g?
1
Suppose 2*c = -3*c + 350. Suppose 210*v = 82*v + 1792. Calculate the greatest common factor of v and c.
14
Let b = 6368 - 2783. Calculate the greatest common factor of 15 and b.
15
Let v be (-175)/(-10)*(-3 - (-1 - 4)). What is the greatest common divisor of v and 10?
5
Suppose 0 = -y - 5*f - 1, 5 = -3*f - 7. Suppose j + d = 100 + 28, 4*j = -d + 527. Calculate the highest common factor of j and y.
19
Suppose 2*s + 25 = -0*s + 3*l, -2*s - 3*l = -5. Let n be s - 158/(-8) - (-2)/8. What is the highest common factor of 10 and n?
5
Let g(k) = 3*k**2 + 7*k - 156. Let j be g(17). What is the highest common factor of 10 and j?
10
Let z be ((-36)/27)/(1/(-24)). Let g = 221 + -217. Calculate the highest common factor of g and z.
4
Let a be 2 - -1 - (-2)/(-1). Let b(x) = 130*x + 5. Let k be b(a). Calculate the highest common divisor of k and 15.
15
Let o be (0/2 - 1260/(-20)) + -1. Calculate the greatest common factor of o and 682.
62
Let z = 1 + 73. Let a = -33 + z. What is the greatest common divisor of 41 and a?
41
Let c(k) = 2*k**2 - 54*k + 65. Let z be c(28). What is the greatest common divisor of 11 and z?
11
Let a(y) = 4*y**3 - 3*y**2 + 8*y - 9. Let t be a(3). Suppose -2*o - 3 = -23. Let d = o - -2. Calculate the greatest common divisor of d and t.
12
Let y = 1225 - 775. Calculate the greatest common divisor of 126 and y.
18
Let y = -400 + 433. What is the highest common divisor of y and 429?
33
Let n be (44/(-8))/((-13)/130). Let u be 4/6 + (-156)/(-36). Calculate the highest common divisor of u and n.
5
Let u be 1*4 + (-9 - -10). Suppose -u*g + 69 + 81 = 0. Suppose -g = 4*d - 206. Calculate the greatest common factor of 66 and d.
22
Let u = -9 - -1. Let r be (-3114)/u - 15/(-20). Suppose 0 = -v + 4*v - r. Calculate the highest common divisor of 13 and v.
13
Let o = 54 - 19. Suppose b + o = 2*b. Calculate the highest common divisor of 105 and b.
35
Let w = -258 + 11. Let l = w + 82. Let h = -117 - l. Calculate the greatest common factor of h and 6.
6
Let j be ((-4)/(-3))/(15 + 218864/(-14592)). What is the greatest common factor of j and 64?
64
Suppose -38*u = 31 - 411. Calculate the highest common divisor of 490 and u.
10
Suppose -5*n + 13*c + 225 = 10*c, 5*c = n - 23. Suppose 12 = r - 0. Calculate the highest common factor of r and n.
12
Let t be 80/440 + (-9)/(-11). What is the highest common divisor of t and 7?
1
Let g be (-66)/12*(0 - 2). Let x = g + -11. Suppose 5*f + x*f = -3*d + 10, 3*d = -f - 10. Calculate the greatest common factor of f and 45.
5
Let o be 0 + 11 + 0 + -2. Let g = 64 + -56. Let w = o + g. What is the highest common divisor of w and 17?
17
Let i be (19 - (6 + -4))/1. Let z = -60 - -26. Let y be (z/6)/(8/(-144)). What is the greatest common factor of i and y?
17
Let p(h) = -9*h - 15 + h - h. Suppose 4*c = 403 - 427. Let w be p(c). What is the highest common factor of w and 13?
13
Let u be 2 - (2 - (-3 + 54)). Let z(d) = 2*d**2 - 6*d + 9. Let x be z(4). Suppose -w = -2*w + x. Calculate the greatest common divisor of u and w.
17
Let t(d) = 5*d - 27. Let l be t(6). Suppose -l*w = -9*w + 84. What is the greatest common divisor of w and 154?
14
Let u(w) = -w**2 + w. Let d(v) = -7*v**2 + 8*v - 30. Let f(k) = -d(k) + 6*u(k). Let x be f(0). Let h = x + 12. What is the highest common divisor of h and 6?
6
Let b = -15 - -13. Let q(g) = 6*g**2 - 3*g - 5. Let t be q(b). Let x = 18 + -8. What is the greatest common factor of x and t?
5
Let s(v) = 26*v + 2. Let o be s(1). Let l = 37 - o. What is the highest common divisor of l and 63?
9
Suppose 4*i - 5*m = -10*m + 60, 0 = -3*i - 3*m + 48. Suppose -280 = -11*n - 3*n. What is the highest common divisor of i and n?
20
Let o = -776 - -827. Calculate the highest common divisor of o and 204.
51
Suppose -16*y = -15*y + 9. Suppose -2*s - i + 3 = -17, 5*i = 0. Let h = y + s. Calculate the highest common factor of 1 and h.
1
Let a(h) = -71*h - 3. Let i be 2/((-6)/2 - -1). Let m be a(i). Suppose 2*u + c = -0*u + 208, 4*u = 2*c + 400. What is the highest common divisor of u and m?
34
Suppose 112*p - 59*p = 75*p - 572. Suppose -3*r + l - 4*l = -6, 2*r - 3*l = 19. Suppose 0*w - r*w = -910. Calculate the greatest common divisor of w and p.
26
Let q(t) = -t**2 + 9*t - 3. Let n be q(8). Let a be n/(-5) + 34 + -1 + 0. What is the greatest common divisor of 8 and a?
8
Let k = -55 + 103. What is the highest common divisor of k and 128?
16
Suppose 2*k - 3*k + 28 = 0. Let p(c) = c**3 - 15*c**2 + 13*c - 16. Let d be p(14). Let r be (d/(-9))/(-5)*-6. What is the highest common divisor of k and r?
4
Let j be (-96)/5 - (-20)/(-25). Let s = 56 + j. Calculate the greatest common divisor of s and 9.
9
Suppose l + 0*l - 1722 = 4*h, -h = -5*l + 421. Let m = -200 - h. What is the greatest common factor of m and 21?
21
Let m be (-4 - -29)/(-5) + 899. Let d = m - 554. What is the greatest common divisor of 34 and d?
34
Let f = 186 - 56. Calculate the highest common factor of 208 and f.
26
Let d be -72*(